{"id":549,"date":"2026-04-06T12:41:34","date_gmt":"2026-04-06T12:41:34","guid":{"rendered":"https:\/\/corse-expertise.com\/?page_id=549"},"modified":"2026-04-06T13:43:56","modified_gmt":"2026-04-06T13:43:56","slug":"constat-de-decence-de-logement","status":"publish","type":"page","link":"http:\/\/corse-expertise.com\/index.php\/constat-de-decence-de-logement\/","title":{"rendered":"Constat de d\u00e9cence de logement"},"content":{"rendered":"\t\t<div data-elementor-type=\"wp-page\" data-elementor-id=\"549\" class=\"elementor elementor-549\" data-elementor-post-type=\"page\">\n\t\t\t\t<div class=\"elementor-element elementor-element-4aa16cf8 e-flex e-con-boxed e-con e-parent\" data-id=\"4aa16cf8\" data-element_type=\"container\" data-e-type=\"container\">\n\t\t\t\t\t<div class=\"e-con-inner\">\n\t\t<div class=\"elementor-element elementor-element-2e0726c9 e-con-full e-flex e-con e-child\" data-id=\"2e0726c9\" data-element_type=\"container\" data-e-type=\"container\">\n\t\t\t\t<div class=\"elementor-element elementor-element-1c0913a0 elementor-widget__width-initial elementor-absolute elementor-widget elementor-widget-spacer\" data-id=\"1c0913a0\" data-element_type=\"widget\" data-e-type=\"widget\" data-settings=\"{&quot;_position&quot;:&quot;absolute&quot;}\" data-widget_type=\"spacer.default\">\n\t\t\t\t\t\t\t<div class=\"elementor-spacer\">\n\t\t\t<div class=\"elementor-spacer-inner\"><\/div>\n\t\t<\/div>\n\t\t\t\t\t\t<\/div>\n\t\t\t\t<div class=\"elementor-element elementor-element-3af65632 elementor-invisible elementor-widget elementor-widget-heading\" data-id=\"3af65632\" data-element_type=\"widget\" data-e-type=\"widget\" data-settings=\"{&quot;_animation&quot;:&quot;fadeInUp&quot;}\" data-widget_type=\"heading.default\">\n\t\t\t\t\t<h3 class=\"elementor-heading-title elementor-size-default\">Nos prestations<\/h3>\t\t\t\t<\/div>\n\t\t\t\t<div class=\"elementor-element elementor-element-1abdf874 elementor-widget elementor-widget-text-editor\" data-id=\"1abdf874\" data-element_type=\"widget\" data-e-type=\"widget\" data-widget_type=\"text-editor.default\">\n\t\t\t\t\t\t\t\t\t<h3 data-section-id=\"1zaz7l\" data-start=\"132\" data-end=\"206\">CONSTAT DE D\u00c9CENCE DE LOGEMENT<\/h3><p data-start=\"208\" data-end=\"324\"><strong>Le constat de d\u00e9cence permet de v\u00e9rifier qu\u2019un logement respecte les crit\u00e8res minimums de confort et de s\u00e9curit\u00e9 impos\u00e9s par la loi.<\/strong><\/p><p data-start=\"1216\" data-end=\"1233\">Nous contr\u00f4lons :<\/p><ul data-start=\"1234\" data-end=\"1358\"><li data-section-id=\"m6jgnz\" data-start=\"1234\" data-end=\"1264\">s\u00e9curit\u00e9 des installations<\/li><li data-section-id=\"1t0rizf\" data-start=\"1265\" data-end=\"1285\">surface minimale<\/li><li data-section-id=\"1etgoq\" data-start=\"1286\" data-end=\"1322\">absence de risques pour la sant\u00e9<\/li><li data-section-id=\"1cr7cl5\" data-start=\"1323\" data-end=\"1358\">conformit\u00e9 g\u00e9n\u00e9rale du logement<\/li><\/ul><p data-start=\"1360\" data-end=\"1435\">Un rapport d\u00e9taill\u00e9 vous est remis pour justifier de la conformit\u00e9 du bien.<\/p><h2 data-section-id=\"1nc40k0\" data-start=\"1437\" data-end=\"1450\">Pour qui<\/h2><p data-start=\"1451\" data-end=\"1497\">Bailleurs, agences, propri\u00e9taires en location et locataires.\u00a0<\/p><p data-start=\"1451\" data-end=\"1497\"><strong>Ce document est utile aussi bien pour le bailleur que le locataire, car en attestant de la d\u00e9cence du logement, il \u00e9vite tout conflit ult\u00e9rieur.\u00a0<\/strong><\/p>\t\t\t\t\t\t\t\t<\/div>\n\t\t\t\t<\/div>\n\t\t<div class=\"elementor-element elementor-element-4b148a9e e-con-full e-flex e-con e-child\" data-id=\"4b148a9e\" data-element_type=\"container\" data-e-type=\"container\" data-settings=\"{&quot;background_background&quot;:&quot;classic&quot;}\">\n\t\t\t\t<\/div>\n\t\t\t\t\t<\/div>\n\t\t\t\t<\/div>\n\t\t\t\t<\/div>\n\t\t","protected":false},"excerpt":{"rendered":"<p>Nos prestations CONSTAT DE D\u00c9CENCE DE LOGEMENT Le constat de d\u00e9cence permet de v\u00e9rifier qu\u2019un logement respecte les crit\u00e8res minimums de confort et de s\u00e9curit\u00e9 impos\u00e9s par la loi. Nous contr\u00f4lons : s\u00e9curit\u00e9 des installations surface minimale absence de risques pour la sant\u00e9 conformit\u00e9 g\u00e9n\u00e9rale du logement Un rapport d\u00e9taill\u00e9 vous est remis pour justifier [&hellip;]<\/p>\n","protected":false},"author":1,"featured_media":0,"parent":0,"menu_order":0,"comment_status":"closed","ping_status":"closed","template":"","meta":{"footnotes":""},"class_list":["post-549","page","type-page","status-publish","hentry"],"_links":{"self":[{"href":"http:\/\/corse-expertise.com\/index.php\/wp-json\/wp\/v2\/pages\/549","targetHints":{"allow":["GET"]}}],"collection":[{"href":"http:\/\/corse-expertise.com\/index.php\/wp-json\/wp\/v2\/pages"}],"about":[{"href":"http:\/\/corse-expertise.com\/index.php\/wp-json\/wp\/v2\/types\/page"}],"author":[{"embeddable":true,"href":"http:\/\/corse-expertise.com\/index.php\/wp-json\/wp\/v2\/users\/1"}],"replies":[{"embeddable":true,"href":"http:\/\/corse-expertise.com\/index.php\/wp-json\/wp\/v2\/comments?post=549"}],"version-history":[{"count":4,"href":"http:\/\/corse-expertise.com\/index.php\/wp-json\/wp\/v2\/pages\/549\/revisions"}],"predecessor-version":[{"id":631,"href":"http:\/\/corse-expertise.com\/index.php\/wp-json\/wp\/v2\/pages\/549\/revisions\/631"}],"wp:attachment":[{"href":"http:\/\/corse-expertise.com\/index.php\/wp-json\/wp\/v2\/media?parent=549"}],"curies":[{"name":"wp","href":"https:\/\/api.w.org\/{rel}","templated":true}]}}