{"id":551,"date":"2026-04-06T12:43:05","date_gmt":"2026-04-06T12:43:05","guid":{"rendered":"https:\/\/corse-expertise.com\/?page_id=551"},"modified":"2026-04-06T13:46:12","modified_gmt":"2026-04-06T13:46:12","slug":"diagnostic-securite-piscine","status":"publish","type":"page","link":"http:\/\/corse-expertise.com\/index.php\/diagnostic-securite-piscine\/","title":{"rendered":"Diagnostic s\u00e9curit\u00e9 piscine"},"content":{"rendered":"\t\t<div data-elementor-type=\"wp-page\" data-elementor-id=\"551\" class=\"elementor elementor-551\" data-elementor-post-type=\"page\">\n\t\t\t\t<div class=\"elementor-element elementor-element-7ffdc9d0 e-flex e-con-boxed e-con e-parent\" data-id=\"7ffdc9d0\" data-element_type=\"container\" data-e-type=\"container\">\n\t\t\t\t\t<div class=\"e-con-inner\">\n\t\t<div class=\"elementor-element elementor-element-3fd8d337 e-con-full e-flex e-con e-child\" data-id=\"3fd8d337\" data-element_type=\"container\" data-e-type=\"container\">\n\t\t\t\t<div class=\"elementor-element elementor-element-6890a307 elementor-widget__width-initial elementor-absolute elementor-widget elementor-widget-spacer\" data-id=\"6890a307\" data-element_type=\"widget\" data-e-type=\"widget\" data-settings=\"{&quot;_position&quot;:&quot;absolute&quot;}\" data-widget_type=\"spacer.default\">\n\t\t\t\t\t\t\t<div class=\"elementor-spacer\">\n\t\t\t<div class=\"elementor-spacer-inner\"><\/div>\n\t\t<\/div>\n\t\t\t\t\t\t<\/div>\n\t\t\t\t<div class=\"elementor-element elementor-element-7d3bba5b elementor-invisible elementor-widget elementor-widget-heading\" data-id=\"7d3bba5b\" data-element_type=\"widget\" data-e-type=\"widget\" data-settings=\"{&quot;_animation&quot;:&quot;fadeInUp&quot;}\" data-widget_type=\"heading.default\">\n\t\t\t\t\t<h3 class=\"elementor-heading-title elementor-size-default\">Nos prestations<\/h3>\t\t\t\t<\/div>\n\t\t\t\t<div class=\"elementor-element elementor-element-1e79dc4c elementor-widget elementor-widget-text-editor\" data-id=\"1e79dc4c\" data-element_type=\"widget\" data-e-type=\"widget\" data-widget_type=\"text-editor.default\">\n\t\t\t\t\t\t\t\t\t<h3 data-section-id=\"1zaz7l\" data-start=\"132\" data-end=\"206\">DIAGNOSTIC S\u00c9CURIT\u00c9 PISCINE<\/h3><p data-start=\"1653\" data-end=\"1752\">La loi impose des dispositifs de s\u00e9curit\u00e9 pour les piscines afin de pr\u00e9venir les risques de noyade.<\/p><p data-start=\"1767\" data-end=\"1783\"><strong>Nous v\u00e9rifions :<\/strong><\/p><ul data-start=\"1784\" data-end=\"1847\"><li data-section-id=\"76azvp\" data-start=\"1784\" data-end=\"1809\">barri\u00e8res de s\u00e9curit\u00e9<\/li><li data-section-id=\"f52crx\" data-start=\"1810\" data-end=\"1821\">alarmes<\/li><li data-section-id=\"15p220l\" data-start=\"1822\" data-end=\"1837\">couvertures<\/li><li data-section-id=\"n5vhk3\" data-start=\"1838\" data-end=\"1847\">abris<\/li><\/ul><p data-start=\"1849\" data-end=\"1892\">Pour piscines individuelles et collectives.<\/p><h2 data-section-id=\"4ts8u7\" data-start=\"1894\" data-end=\"1907\">Objectif<\/h2><p data-start=\"1908\" data-end=\"1984\">Garantir la conformit\u00e9 de votre installation et \u00e9viter toute responsabilit\u00e9.<\/p>\t\t\t\t\t\t\t\t<\/div>\n\t\t\t\t<\/div>\n\t\t<div class=\"elementor-element elementor-element-45806f13 e-con-full e-flex e-con e-child\" data-id=\"45806f13\" data-element_type=\"container\" data-e-type=\"container\" data-settings=\"{&quot;background_background&quot;:&quot;classic&quot;}\">\n\t\t\t\t<\/div>\n\t\t\t\t\t<\/div>\n\t\t\t\t<\/div>\n\t\t\t\t<\/div>\n\t\t","protected":false},"excerpt":{"rendered":"<p>Nos prestations DIAGNOSTIC S\u00c9CURIT\u00c9 PISCINE La loi impose des dispositifs de s\u00e9curit\u00e9 pour les piscines afin de pr\u00e9venir les risques de noyade. Nous v\u00e9rifions : barri\u00e8res de s\u00e9curit\u00e9 alarmes couvertures abris Pour piscines individuelles et collectives. Objectif Garantir la conformit\u00e9 de votre installation et \u00e9viter toute responsabilit\u00e9.<\/p>\n","protected":false},"author":1,"featured_media":0,"parent":0,"menu_order":0,"comment_status":"closed","ping_status":"closed","template":"","meta":{"footnotes":""},"class_list":["post-551","page","type-page","status-publish","hentry"],"_links":{"self":[{"href":"http:\/\/corse-expertise.com\/index.php\/wp-json\/wp\/v2\/pages\/551","targetHints":{"allow":["GET"]}}],"collection":[{"href":"http:\/\/corse-expertise.com\/index.php\/wp-json\/wp\/v2\/pages"}],"about":[{"href":"http:\/\/corse-expertise.com\/index.php\/wp-json\/wp\/v2\/types\/page"}],"author":[{"embeddable":true,"href":"http:\/\/corse-expertise.com\/index.php\/wp-json\/wp\/v2\/users\/1"}],"replies":[{"embeddable":true,"href":"http:\/\/corse-expertise.com\/index.php\/wp-json\/wp\/v2\/comments?post=551"}],"version-history":[{"count":4,"href":"http:\/\/corse-expertise.com\/index.php\/wp-json\/wp\/v2\/pages\/551\/revisions"}],"predecessor-version":[{"id":635,"href":"http:\/\/corse-expertise.com\/index.php\/wp-json\/wp\/v2\/pages\/551\/revisions\/635"}],"wp:attachment":[{"href":"http:\/\/corse-expertise.com\/index.php\/wp-json\/wp\/v2\/media?parent=551"}],"curies":[{"name":"wp","href":"https:\/\/api.w.org\/{rel}","templated":true}]}}