{"id":555,"date":"2026-04-06T12:43:32","date_gmt":"2026-04-06T12:43:32","guid":{"rendered":"https:\/\/corse-expertise.com\/?page_id=555"},"modified":"2026-04-06T17:44:26","modified_gmt":"2026-04-06T17:44:26","slug":"etats-des-lieux-visites-immobilieres","status":"publish","type":"page","link":"http:\/\/corse-expertise.com\/index.php\/etats-des-lieux-visites-immobilieres\/","title":{"rendered":"Visites immobili\u00e8res"},"content":{"rendered":"\t\t<div data-elementor-type=\"wp-page\" data-elementor-id=\"555\" class=\"elementor elementor-555\" data-elementor-post-type=\"page\">\n\t\t\t\t<div class=\"elementor-element elementor-element-452828cf e-flex e-con-boxed e-con e-parent\" data-id=\"452828cf\" data-element_type=\"container\" data-e-type=\"container\">\n\t\t\t\t\t<div class=\"e-con-inner\">\n\t\t<div class=\"elementor-element elementor-element-2d68411c e-con-full e-flex e-con e-child\" data-id=\"2d68411c\" data-element_type=\"container\" data-e-type=\"container\">\n\t\t\t\t<div class=\"elementor-element elementor-element-3f21132d elementor-widget__width-initial elementor-absolute elementor-widget elementor-widget-spacer\" data-id=\"3f21132d\" data-element_type=\"widget\" data-e-type=\"widget\" data-settings=\"{&quot;_position&quot;:&quot;absolute&quot;}\" data-widget_type=\"spacer.default\">\n\t\t\t\t\t\t\t<div class=\"elementor-spacer\">\n\t\t\t<div class=\"elementor-spacer-inner\"><\/div>\n\t\t<\/div>\n\t\t\t\t\t\t<\/div>\n\t\t\t\t<div class=\"elementor-element elementor-element-757557fd elementor-invisible elementor-widget elementor-widget-heading\" data-id=\"757557fd\" data-element_type=\"widget\" data-e-type=\"widget\" data-settings=\"{&quot;_animation&quot;:&quot;fadeInUp&quot;}\" data-widget_type=\"heading.default\">\n\t\t\t\t\t<h3 class=\"elementor-heading-title elementor-size-default\">Nos prestations<\/h3>\t\t\t\t<\/div>\n\t\t\t\t<div class=\"elementor-element elementor-element-1682f94f elementor-widget elementor-widget-text-editor\" data-id=\"1682f94f\" data-element_type=\"widget\" data-e-type=\"widget\" data-widget_type=\"text-editor.default\">\n\t\t\t\t\t\t\t\t\t<h3 data-section-id=\"1zaz7l\" data-start=\"132\" data-end=\"206\">VISITES IMMOBILI\u00c8RES<\/h3><p data-start=\"1431\" data-end=\"1487\"><strong>Vous ne pouvez pas \u00eatre pr\u00e9sent pour faire visiter votre bien ou vous souhaitez confier cette mission ?<\/strong><br data-start=\"1566\" data-end=\"1569\" \/>Corse Expertises prend en charge l\u2019organisation et la r\u00e9alisation de vos visites immobili\u00e8res en toute s\u00e9r\u00e9nit\u00e9.<\/p><h2 data-section-id=\"o976g8\" data-start=\"2023\" data-end=\"2039\">Pour qui<\/h2><p data-start=\"2041\" data-end=\"2128\">\u2714\ufe0f propri\u00e9taires<br data-start=\"2057\" data-end=\"2060\" \/>\u2714\ufe0f investisseurs<br data-start=\"2076\" data-end=\"2079\" \/>\u2714\ufe0f agences immobili\u00e8res<br data-start=\"2102\" data-end=\"2105\" \/>\u2714\ufe0f clients \u00e0 distance<\/p><h2 data-section-id=\"1xhtaib\" data-start=\"1687\" data-end=\"1718\">Nos services de visites<\/h2><p data-start=\"1720\" data-end=\"1736\">Nous proposons :<\/p><p data-start=\"1738\" data-end=\"1889\">\u2714\ufe0f organisation des rendez-vous<br data-start=\"1769\" data-end=\"1772\" \/>\u2714\ufe0f accueil des visiteurs<br data-start=\"1796\" data-end=\"1799\" \/>\u2714\ufe0f pr\u00e9sentation du bien<br data-start=\"1822\" data-end=\"1825\" \/>\u2714\ufe0f mise en valeur des atouts<br data-start=\"1853\" data-end=\"1856\" \/>\u2714\ufe0f retour d\u00e9taill\u00e9 apr\u00e8s visite<br \/>\u2714\ufe0f visites pour un acheteur qui n&rsquo;est pas sur place<\/p><h2 data-section-id=\"1ez8vf0\" data-start=\"1896\" data-end=\"1912\">Objectif<\/h2><p data-start=\"1914\" data-end=\"2016\">Optimiser vos chances de vendre ou louer rapidement gr\u00e2ce \u00e0 des visites professionnelles et efficaces.<\/p><h2 data-section-id=\"pn02qx\" data-start=\"2135\" data-end=\"2163\">Solution id\u00e9ale pour<\/h2><p data-start=\"2165\" data-end=\"2285\">\ud83d\udc49 les biens en Corse g\u00e9r\u00e9s \u00e0 distance<br data-start=\"2203\" data-end=\"2206\" \/>\ud83d\udc49 les r\u00e9sidences secondaires<br data-start=\"2235\" data-end=\"2238\" \/>\ud83d\udc49 les professionnels souhaitant externaliser<\/p><h2 data-section-id=\"17i4j3z\" data-start=\"2292\" data-end=\"2332\">Pourquoi nous confier vos visites<\/h2><p data-start=\"2334\" data-end=\"2467\">\u2714\ufe0f disponibilit\u00e9 et r\u00e9activit\u00e9<br data-start=\"2364\" data-end=\"2367\" \/>\u2714\ufe0f connaissance du march\u00e9 local<br data-start=\"2398\" data-end=\"2401\" \/>\u2714\ufe0f image professionnelle aupr\u00e8s des visiteurs<br data-start=\"2446\" data-end=\"2449\" \/>\u2714\ufe0f gain de temps<br \/>\u2714\ufe0f r\u00e9ponses aux questions techniques<\/p>\t\t\t\t\t\t\t\t<\/div>\n\t\t\t\t<\/div>\n\t\t<div class=\"elementor-element elementor-element-504a4d66 e-con-full e-flex e-con e-child\" data-id=\"504a4d66\" data-element_type=\"container\" data-e-type=\"container\" data-settings=\"{&quot;background_background&quot;:&quot;classic&quot;}\">\n\t\t\t\t<\/div>\n\t\t\t\t\t<\/div>\n\t\t\t\t<\/div>\n\t\t\t\t<\/div>\n\t\t","protected":false},"excerpt":{"rendered":"<p>Nos prestations VISITES IMMOBILI\u00c8RES Vous ne pouvez pas \u00eatre pr\u00e9sent pour faire visiter votre bien ou vous souhaitez confier cette mission ?Corse Expertises prend en charge l\u2019organisation et la r\u00e9alisation de vos visites immobili\u00e8res en toute s\u00e9r\u00e9nit\u00e9. Pour qui \u2714\ufe0f propri\u00e9taires\u2714\ufe0f investisseurs\u2714\ufe0f agences immobili\u00e8res\u2714\ufe0f clients \u00e0 distance Nos services de visites Nous proposons : \u2714\ufe0f [&hellip;]<\/p>\n","protected":false},"author":1,"featured_media":0,"parent":0,"menu_order":0,"comment_status":"closed","ping_status":"closed","template":"","meta":{"footnotes":""},"class_list":["post-555","page","type-page","status-publish","hentry"],"_links":{"self":[{"href":"http:\/\/corse-expertise.com\/index.php\/wp-json\/wp\/v2\/pages\/555","targetHints":{"allow":["GET"]}}],"collection":[{"href":"http:\/\/corse-expertise.com\/index.php\/wp-json\/wp\/v2\/pages"}],"about":[{"href":"http:\/\/corse-expertise.com\/index.php\/wp-json\/wp\/v2\/types\/page"}],"author":[{"embeddable":true,"href":"http:\/\/corse-expertise.com\/index.php\/wp-json\/wp\/v2\/users\/1"}],"replies":[{"embeddable":true,"href":"http:\/\/corse-expertise.com\/index.php\/wp-json\/wp\/v2\/comments?post=555"}],"version-history":[{"count":6,"href":"http:\/\/corse-expertise.com\/index.php\/wp-json\/wp\/v2\/pages\/555\/revisions"}],"predecessor-version":[{"id":681,"href":"http:\/\/corse-expertise.com\/index.php\/wp-json\/wp\/v2\/pages\/555\/revisions\/681"}],"wp:attachment":[{"href":"http:\/\/corse-expertise.com\/index.php\/wp-json\/wp\/v2\/media?parent=555"}],"curies":[{"name":"wp","href":"https:\/\/api.w.org\/{rel}","templated":true}]}}